{"id":2318,"date":"2025-08-06T19:30:04","date_gmt":"2025-08-06T19:30:04","guid":{"rendered":"https:\/\/dietetykdlakazdego.pl\/?post_type=product&#038;p=2318"},"modified":"2025-08-06T19:36:45","modified_gmt":"2025-08-06T19:36:45","slug":"pierwsza-konsultacja-online","status":"publish","type":"product","link":"https:\/\/dietetykdlakazdego.pl\/index.php\/product\/pierwsza-konsultacja-online\/","title":{"rendered":"Pierwsza konsultacja online"},"content":{"rendered":"<p>Pierwsza konsultacja online to pocz\u0105tek naszej wsp\u00f3\u0142pracy. Na pierwszej wizycie przeprowadzam z Tob\u0105 wywiad \u017cywieniowy i medyczny \u017ceby dieta, kt\u00f3r\u0105 otrzymasz by\u0142a jak najlepiej dobrana pod Twoje cele i mo\u017cliwo\u015bci. Na podstawie naszej rozmowy proponuj\u0119 plan dzia\u0142ania.<\/p>\n","protected":false},"excerpt":{"rendered":"<p>Pierwsza wizyta w gabinecie to pocz\u0105tek naszej wsp\u00f3\u0142pracy. Na pierwszej wizycie przeprowadzam analiz\u0119 sk\u0142adu cia\u0142a, omawiam z Tob\u0105 wyniki i proponuj\u0119 wst\u0119pny plan dzia\u0142ania.<\/p>\n<p>Po badaniu na wadze przeprowadz\u0119 z Tob\u0105 wywiad \u017cywieniowy i medyczny \u017ceby dieta, kt\u00f3r\u0105 otrzymasz by\u0142a jak najlepiej dobrana pod Twoje cele i mo\u017cliwo\u015bci.<\/p>\n","protected":false},"featured_media":2319,"comment_status":"open","ping_status":"closed","template":"","meta":[],"product_brand":[],"product_cat":[43],"product_tag":[],"class_list":{"0":"post-2318","1":"product","2":"type-product","3":"status-publish","4":"has-post-thumbnail","6":"product_cat-prowadzenie-dietetyczne-online","8":"first","9":"instock","10":"virtual","11":"purchasable","12":"product-type-simple"},"_links":{"self":[{"href":"https:\/\/dietetykdlakazdego.pl\/index.php\/wp-json\/wp\/v2\/product\/2318","targetHints":{"allow":["GET"]}}],"collection":[{"href":"https:\/\/dietetykdlakazdego.pl\/index.php\/wp-json\/wp\/v2\/product"}],"about":[{"href":"https:\/\/dietetykdlakazdego.pl\/index.php\/wp-json\/wp\/v2\/types\/product"}],"replies":[{"embeddable":true,"href":"https:\/\/dietetykdlakazdego.pl\/index.php\/wp-json\/wp\/v2\/comments?post=2318"}],"wp:featuredmedia":[{"embeddable":true,"href":"https:\/\/dietetykdlakazdego.pl\/index.php\/wp-json\/wp\/v2\/media\/2319"}],"wp:attachment":[{"href":"https:\/\/dietetykdlakazdego.pl\/index.php\/wp-json\/wp\/v2\/media?parent=2318"}],"wp:term":[{"taxonomy":"product_brand","embeddable":true,"href":"https:\/\/dietetykdlakazdego.pl\/index.php\/wp-json\/wp\/v2\/product_brand?post=2318"},{"taxonomy":"product_cat","embeddable":true,"href":"https:\/\/dietetykdlakazdego.pl\/index.php\/wp-json\/wp\/v2\/product_cat?post=2318"},{"taxonomy":"product_tag","embeddable":true,"href":"https:\/\/dietetykdlakazdego.pl\/index.php\/wp-json\/wp\/v2\/product_tag?post=2318"}],"curies":[{"name":"wp","href":"https:\/\/api.w.org\/{rel}","templated":true}]}}